0))/(-2 + (-41)/(-21)). What is the greatest common divisor of j and 399?
21
Let s(j) = 56*j - 2. Let q be s(1). Suppose 594 = 9*z - q. Suppose -64*l + 67*l = 54. What is the greatest common divisor of z and l?
18
Let i(f) = -1247*f - 31. Let s be i(-1). Calculate the highest common divisor of s and 380.
76
Let k(t) = -7*t**3. Suppose -5*a = -8*a - 3. Let r be k(a). Let q = -77 - -154. Calculate the highest common factor of r and q.
7
Let o be (-4*(78/72)/13)/(3/(-1539)). What is the highest common divisor of 494 and o?
19
Let p(o) = 3*o**3 - 6*o**2 + 8*o - 8. Let y = 139 - 135. Let z be p(y). What is the highest common divisor of z and 10?
10
Let o(t) = -11*t**3 + 2*t**2 + 4*t + 3. Let l be o(-2). Let u be (6/(-10))/(337/(-21905)). What is the greatest common divisor of u and l?
13
Suppose 0 = -4*t - 3*c + 1423, 8*t = 3*t + 2*c + 1796. Let d = t + -333. What is the greatest common divisor of d and 145?
5
Suppose 33*p - 30*p - 7857 = -2*v, 11789 = 3*v + p. What is the greatest common divisor of v and 60?
30
Suppose -3*l + 5*u + 125 = 0, 0 = u - 5*u - 16. Suppose -768 = -2*c + 2*n, 185*n - 769 = -2*c + 186*n. What is the highest common factor of c and l?
35
Let z be 291/18 + (-203)/174. Suppose -5*y + 55 = -4*y. Calculate the highest common divisor of y and z.
5
Let v be 3*(-3 + (-68)/(-12)). Let q(a) = 5*a + 10. Let w be q(v). Let i = -273 - -293. What is the greatest common divisor of i and w?
10
Suppose -p = 1, -48*p + 50*p + 2522 = 2*a. Calculate the greatest common factor of a and 1638.
126
Let m(k) = -k**3 + 8*k**2 + 4*k - 4. Suppose 0 = 2*x - 3*x + 8. Let p be m(x). Calculate the greatest common divisor of 42 and p.
14
Suppose 5*b + 5*w - 1226 = w, 2*w + 960 = 4*b. Calculate the greatest common divisor of 198 and b.
22
Suppose 5419 = 37*t - 3*t - 2333. What is the greatest common divisor of 27702 and t?
114
Suppose 0 = -3*y + 5*c - 111, -10*y + 5*y - 225 = 5*c. Let s = 133 + y. Calculate the greatest common divisor of s and 35.
7
Let h be ((-4)/(-8))/(1/248). Let b(j) = -j**3 + 13*j**2 - 5*j - 22. Let p be b(12). What is the greatest common divisor of h and p?
62
Let w(y) = y + 4. Let c(r) = -9*r + 45. Let m(h) = c(h) + 3*w(h). Let s be m(8). Suppose -3*v - 31 = -85. What is the highest common factor of s and v?
9
Let c(t) = -t**3 - 5*t**2 - 11*t - 38. Let n be c(-7). Calculate the greatest common divisor of 5343 and n.
137
Let g = 5013 + -5005. Let w = -13 + 21. Calculate the greatest common divisor of w and g.
8
Let s = -54 - -414. Let f be 1*(3047/55 - 10) - (-2)/(-5). What is the greatest common factor of s and f?
45
Let s(x) = 11583*x**2 - 50*x + 138. Let i be s(2). Calculate the highest common factor of 10 and i.
10
Let i(r) = r**2 + 96*r + 2099. Let v be i(-31). Calculate the greatest common divisor of v and 19236.
84
Let d be (-88 + 63)*4/(-10). Let r be (-11)/(-33) - 74/(-3). What is the highest common factor of r and d?
5
Suppose 4522 = 14*l - 7163 + 219. What is the highest common divisor of 468 and l?
117
Let u(j) = 2*j**3 + 16*j**2 + 8*j - 17. Suppose 4*a - 10 = -38. Let o be u(a). What is the greatest common factor of 5 and o?
5
Let v(n) = -n**3 + 14*n**2 - 33*n - 20. Let i be v(9). Suppose 9*f - 10*f + 66 = 0. What is the highest common divisor of f and i?
22
Suppose 6*f = -5*h - 10406 + 47995, 3*f - 3*h = 18789. Calculate the highest common factor of 24 and f.
24
Let u(w) = w**2 - w - 2. Let n be u(-4). Let k(g) = -19775*g + 19770*g - 2 + 23*g**2 - 2. Let i be k(-1). What is the greatest common divisor of n and i?
6
Let a be 164*((-35)/20)/(-7). Let b = -79 - a. Let l be 35/(-2)*b/100. What is the greatest common divisor of 84 and l?
21
Let x = 10634 - 10453. What is the highest common factor of x and 15928?
181
Suppose -4*t - 8 = -204. Let s(o) = 51*o - o**2 + 13*o**2 - 58*o + o**3 - 11 - 9*o**2. Let g be s(-2). What is the highest common factor of g and t?
7
Let k be (-100)/(-8)*72/30. Suppose 39*l = k*l + 648. Calculate the greatest common factor of 120 and l.
24
Let h(m) = m**2 - 9*m + 26. Let y be h(5). Let g be ((-4)/y - -1) + (-556)/(-6). What is the highest common divisor of 62 and g?
31
Let p(f) = 197*f**2 - 19*f - 61. Let z be p(4). What is the highest common factor of z and 135?
45
Suppose 0 = -23*i - 7*i + 1860. Let p = i + -52. What is the highest common factor of p and 55?
5
Let o = -4142 + 4147. Suppose -3*r = -9 - 6. What is the greatest common divisor of r and o?
5
Let u(x) be the second derivative of -x**5/20 - 5*x**4/6 - 4*x**3 - 17*x**2/2 + 19*x. Let j be u(-7). What is the highest common factor of 6 and j?
2
Let j be 6 + 5 + (-2 - (455 - -3)). Let k be (-10)/(-150) - j/15. Suppose -2*p - 2*p = -240. What is the highest common factor of p and k?
30
Let b be (205/35)/((-12)/(-420)). Let p(t) = 2*t - 3. Let j be p(4). Calculate the greatest common divisor of b and j.
5
Let r = -10943 + 10972. Let d(q) = 8*q**2 + 2*q + 1. Let k be d(-2). What is the greatest common factor of r and k?
29
Let i = -77 - -79. Let r be 18*4/18*6. Suppose i*b + 0*b = r. What is the greatest common divisor of b and 48?
12
Let t(x) = -7747*x**3 - x**2 + 267*x + 269. Let g be t(-1). What is the greatest common factor of g and 52?
52
Let n = -8 - -2. Let c be (-20)/15*81/n. Let g be -18*4/((-8)/3). Calculate the greatest common factor of c and g.
9
Suppose 5*v = 2*z - 526, z - 43*v = -45*v + 272. What is the highest common divisor of z and 8?
4
Let i be (24/6)/(6 - 10724/1788). What is the highest common divisor of i and 36?
12
Let z be 13 - (-3 + 30/5). Let a(r) = 10*r - 89. Let t be a(z). What is the highest common divisor of t and 649?
11
Let q(w) = 33*w**3 + w**2 - 2*w - 2. Let y be q(-1). Let f = 48 - y. Let n be (-4)/(-7) - f/(-56). What is the greatest common factor of 5 and n?
1
Let s = 3011 + -2811. Calculate the greatest common factor of 14200 and s.
200
Let j be (6 - -7) + 58 + 16. Calculate the highest common divisor of 6757 and j.
29
Let p = 112 + -54. Suppose 19*t - 65 = 125. Calculate the highest common divisor of t and p.
2
Let t be (-8 - 27)*(-135)/21. What is the highest common factor of t and 2175?
75
Suppose -31*s + 4687 + 6101 = 0. Calculate the highest common factor of 29 and s.
29
Let m = 626 + -446. Calculate the highest common divisor of m and 220.
20
Let t(h) be the third derivative of 7*h**4/8 - 23*h**3/3 - 75*h**2. Let x be t(3). What is the highest common factor of x and 527?
17
Suppose -60*f + 8096 = -7*f + 35*f. Calculate the highest common divisor of 68 and f.
4
Let f be ((20/(-56))/(95/228))/((-5)/210). Let v(g) = -g - 4. Let c be v(-6). What is the greatest common divisor of c and f?
2
Let a = -1387 + 11072. What is the highest common factor of a and 130?
65
Suppose -72*d - 107*d + 410550 = 31*d. What is the greatest common factor of d and 920?
115
Let v be (0 - -2)/(2/25). Let m = 143810 - 143610. Calculate the highest common factor of m and v.
25
Let z(h) = h**3 + 13*h**2 - 16*h + 23. Let b be z(-11). Suppose b = 7*u + 2*u. Calculate the highest common divisor of u and 7.
7
Suppose 0 = -26*v + 42*v - 32. Suppose v*z + 23*z - 3800 = 0. What is the highest common factor of z and 114?
38
Suppose 2678*r + 2*n = 2684*r - 8798, r - 1453 = 3*n. What is the greatest common factor of r and 20?
4
Suppose -5*p + 6963 = 3*h - 4*p, -p = 7*h - 16255. What is the highest common divisor of 202 and h?
101
Let d(j) = -j**3 + 6*j**2 + 9*j - 4. Let k be d(6). Let b be (1764/72)/((-5)/(-10)). Suppose k*n = b*n + 572. Calculate the greatest common factor of 52 and n.
52
Let l(i) = -8*i - 78. Let p be l(-20). Suppose 0 = 35*b - p - 58. Let m = -6 - -22. Calculate the greatest common factor of b and m.
4
Suppose -3*w - 33 = -4*b, b = -2*w - 3*b - 2. Let y = w + 11. Let o(n) = 4*n - 11. Let x be o(y). What is the greatest common factor of 1 and x?
1
Let h = 25722 - -3787. Calculate the greatest common factor of h and 23.
23
Let i = -53 + 110. Let k = i - -16. Let y = -58 + k. What is the highest common divisor of y and 135?
15
Let k(o) = -25*o**2 + 4*o + 94. Let l be k(-6). Let q be (-7)/(-3) + l/(-30). What is the highest common divisor of q and 135?
15
Let s(h) = 2*h**2 + 28. Let o be s(0). Let q be ((-42)/4)/(3*(-5)/30). Calculate the greatest common divisor of q and o.
7
Suppose 3*a - 37 = 4*j, -5*a - 3*j + 26 =